{"id":304017,"date":"2025-06-26T13:02:44","date_gmt":"2025-06-26T13:02:44","guid":{"rendered":"https:\/\/media-digital.pt\/26\/produto\/palhinhas-lacor-63131-4und-215cm-escova-limpeza-inox\/"},"modified":"2025-10-20T15:09:19","modified_gmt":"2025-10-20T15:09:19","slug":"palhinhas-lacor-63131-4und-215cm-escova-limpeza-inox","status":"publish","type":"product","link":"https:\/\/media-digital.pt\/26\/produto\/palhinhas-lacor-63131-4und-215cm-escova-limpeza-inox\/","title":{"rendered":"Palhinhas lacor 63131  4und 21,5cm + escova limpeza inox"},"content":{"rendered":"<p>Conjunto de 4 palhinhas reutiliz\u00e1veis em inox \u2013 com escova de limpeza<\/p>\n<p>sustent\u00e1veis e elegantes, estas palhinhas s\u00e3o ideais para bebidas frias ou quentes. <br \/>inclu\u00ed escova para limpeza f\u00e1cil e pr\u00e1tica.<\/p>\n<p>uma alternativa ecol\u00f3gica e duradoura \u00e0s palhinhas descart\u00e1veis!<\/p>\n","protected":false},"excerpt":{"rendered":"<p>Conjunto de 4 palhinhas reutiliz\u00e1veis em inox \u2013 com escova de limpeza sustent\u00e1veis e elegantes, estas palhinhas s\u00e3o ideais para bebidas frias ou quentes. inclu\u00ed escova para limpeza f\u00e1cil e pr\u00e1tica. uma alternativa ecol\u00f3gica e duradoura \u00e0s palhinhas descart\u00e1veis!<\/p>\n","protected":false},"featured_media":304018,"template":"","meta":{"_qty_per_box":0},"product_brand":[],"product_cat":[351,535],"product_tag":[],"class_list":{"0":"post-304017","1":"product","2":"type-product","3":"status-publish","4":"has-post-thumbnail","6":"product_cat-bar-cafetaria-2","7":"product_cat-cocktails","8":"pa_cor-cinzento","9":"pa_marca-lacor","11":"first","12":"outofstock","13":"taxable","14":"shipping-taxable","15":"purchasable","16":"product-type-simple"},"_links":{"self":[{"href":"https:\/\/media-digital.pt\/26\/wp-json\/wp\/v2\/product\/304017","targetHints":{"allow":["GET"]}}],"collection":[{"href":"https:\/\/media-digital.pt\/26\/wp-json\/wp\/v2\/product"}],"about":[{"href":"https:\/\/media-digital.pt\/26\/wp-json\/wp\/v2\/types\/product"}],"version-history":[{"count":0,"href":"https:\/\/media-digital.pt\/26\/wp-json\/wp\/v2\/product\/304017\/revisions"}],"wp:featuredmedia":[{"embeddable":true,"href":"https:\/\/media-digital.pt\/26\/wp-json\/wp\/v2\/media\/304018"}],"wp:attachment":[{"href":"https:\/\/media-digital.pt\/26\/wp-json\/wp\/v2\/media?parent=304017"}],"wp:term":[{"taxonomy":"product_brand","embeddable":true,"href":"https:\/\/media-digital.pt\/26\/wp-json\/wp\/v2\/product_brand?post=304017"},{"taxonomy":"product_cat","embeddable":true,"href":"https:\/\/media-digital.pt\/26\/wp-json\/wp\/v2\/product_cat?post=304017"},{"taxonomy":"product_tag","embeddable":true,"href":"https:\/\/media-digital.pt\/26\/wp-json\/wp\/v2\/product_tag?post=304017"}],"curies":[{"name":"wp","href":"https:\/\/api.w.org\/{rel}","templated":true}]}}